-1). Let w(v) = z*v**2 - 8*v - 64*v**2 - 1 + 35*v**2. What is w(7)?
-8
Let n(y) = -y - 3 - y**2 - y + y - 8*y. Determine n(-9).
-3
Let v = -1 + 2. Let j(z) be the second derivative of -2*z + 1/2*z**2 + 0 - 1/3*z**3 - 3/4*z**4. Calculate j(v).
-10
Let c(o) be the second derivative of o**5/20 - o**4/4 + o**3/6 + o**2 - 4*o. Let u be c(3). Let h(l) = -l**2 + 4*l + 6. Determine h(u).
1
Let w(q) = -q**2 - 4*q - 3. Suppose 12 = -3*v - 9. Let c = -4 - v. Suppose c = -2*u - 1. Calculate w(u).
1
Let d(s) be the first derivative of s**3/6 - 7*s**2/2 - s + 3. Let x(u) be the first derivative of d(u). What is x(6)?
-1
Suppose 4*g = 2*z + 2*g - 72, -z + 3*g = -28. Let h be (-2)/(-7) - z/(-56). Let k(d) = d. Give k(h).
1
Let n(c) = -c**2 - 4*c - 3. Let f = -10 + 18. Let t = f + -11. Give n(t).
0
Let u(z) = -z**2 + 2*z + 5. Let y(s) = -s - 1. Let p(q) = -u(q) - 5*y(q). Calculate p(-5).
10
Suppose -5*p = -4*n + n - 8, 16 = -n - 5*p. Let m(d) = 19*d + 7 + 2*d - 20*d. What is m(n)?
1
Suppose -3*j + 8*j - 15 = 0. Suppose r + j*r = -20. Let w(t) be the third derivative of t**4/24 + t**3/3 - t**2. Give w(r).
-3
Let j(g) = g**2 - 6*g + 3. Let f be 5/((-5)/(-4)) + 3. Suppose -f + 19 = 2*d. Determine j(d).
3
Let r be (-1)/(-3 - (-15)/6). Suppose -14 = 4*d + r. Let f(j) = 40*j + 4 - j**2 - 40*j. Calculate f(d).
-12
Let k(u) = u**2 - 3*u - 4. Let r be (-4 - -2) + -3 + 8. Calculate k(r).
-4
Let a(q) = q. Suppose 5*v - 5*t = 20, 4*t = v + 2*t - 4. What is a(v)?
4
Let o(b) = -3*b**2 + b - 2. Let q(j) = -j + 1. Let y(m) = -o(m) + 4*q(m). Let w(k) = -7*k**2 + 10*k - 13. Let l(c) = 2*w(c) + 5*y(c). Calculate l(5).
4
Let l(v) = 6*v - 11. Let t(c) = 2*c - 4. Let j(z) = 3*l(z) - 8*t(z). Let y be (1 - -7)*(-6)/(-12). Calculate j(y).
7
Suppose 5*l + 8 = -12. Let g(q) = q**2 + q - 4. Let o(h) = -h - 1. Let v(r) = l*o(r) + g(r). Suppose -b - 2*f + f - 10 = 0, -2*b - 15 = f. Give v(b).
0
Let t(o) = 43*o**3 - o**2 + o - 1. Let w be t(1). Suppose 4*m = -2*l - w, -18 + 1 = 2*m - 3*l. Let u be m/(-40) - 10/8. Let s(n) = 2*n**3 + n. Give s(u).
-3
Let q be 33/9*(1 - -2). Let c(p) = p**2 - 11*p + 4. Let j be c(q). Let a(r) = r**2 - 2*r + 1. What is a(j)?
9
Let x be (0/(-2))/(1/(-1)). Let t(j) = -2*j - 3 - 2 + 2 + x. Suppose 13 = 4*s - 4*i + 5*i, -5*s - 2*i = -17. Calculate t(s).
-9
Let j(a) be the third derivative of -1/24*a**4 + 0 + 1/6*a**3 + 6*a**2 + 0*a. Determine j(-4).
5
Let l(u) = 10*u**2 - 2. Let v(k) = -7*k**2 + 1. Let g(p) = -5*l(p) - 7*v(p). Determine g(0).
3
Let i(o) be the second derivative of -o**7/840 - o**6/72 - 7*o**4/24 + o**3/6 - 3*o. Let h(t) be the second derivative of i(t). Give h(-5).
-7
Let t(j) = 3*j + 1 + j - j. Let a = 28 - 26. What is t(a)?
7
Let q(h) = -h**3 - 5*h**2 + 6*h + 5. Let p = 19 - 25. What is q(p)?
5
Let b be (-3 + 1 + 2)/3. Suppose p - 3 + b = 0. Let t(n) = n + n**3 + 0*n**p - 2*n. Give t(-2).
-6
Let m(x) be the second derivative of x**5/5 + x**4/12 + 9*x. Give m(1).
5
Let x(v) = -4*v**2 - 3 - v - 4*v**3 - 3*v + 5*v**3. Let i be -3 + (7 - 1) - (0 - 2). Give x(i).
2
Let i(q) = -q - 2. Let r(y) = 3*y + 7. Suppose -3 = 3*n - 36. Let d(b) = n*i(b) + 4*r(b). What is d(-6)?
0
Let z = 19 + -22. Let j(n) be the first derivative of 3*n**2/2 + n + 2. What is j(z)?
-8
Let d(r) = r**2 - 9*r - 12. Let h(y) = -y**3 + 8*y**2 + 9*y + 11. Let c be h(9). What is d(c)?
10
Let m(f) = 3*f**2 + 2*f - 3. Let b(q) = 2*q**2 + q - 1. Let g(j) = 5*b(j) - 3*m(j). Determine g(0).
4
Suppose 4*i = i - 3. Let f be i*(1 + -1)*1. Let c(u) = u**3 - u + 1. Determine c(f).
1
Let c(w) = -38*w**3 + 10*w**2 + 39*w**3 - 2*w - 10*w - 5 - 1. Calculate c(-11).
5
Suppose 4*n - 4*c - 28 = 0, 5*n + 5*c + 15 = -0*n. Let u(f) = 4 - 7 - n*f - 1. What is u(5)?
-14
Let s(l) be the second derivative of -l**3/3 - 7*l**2 - l - 58. What is s(-6)?
-2
Suppose 0 = -5*u - 3*s + 4 + 10, 4*u - 10 = -3*s. Let l be 2 + u/6*6. Let k(o) be the first derivative of o**2 - 6*o + 1. Give k(l).
6
Let c(u) be the first derivative of 5*u**2/2 - 2*u + 112. Suppose 7 = 3*g + 4*b, -5*b + 8 = 2*g + 2*g. Calculate c(g).
-17
Let j = 13 + -17. Let q = 5 + j. Let y(d) = 13*d**3 - d**2 + d - 1. Give y(q).
12
Let x(g) = g**2 - g + 2. Let n(z) = z**2 - z + 2. Let s be n(2). Suppose -3*i + 5*o = 4, 0*i + 3*o + s = 5*i. What is x(i)?
4
Let j(g) be the first derivative of -g**4/4 - 2*g**3 - g**2/2 - 8*g + 2. Give j(-6).
-2
Let x(a) = 4 + 1 - 4 + 4*a - a. Determine x(1).
4
Let j(h) be the first derivative of 4*h - 2*h**2 + 1 + 1/3*h**3. Suppose 4*c - a = 8 + 9, 4*a = -20. What is j(c)?
1
Let x be (15/(-6) - 0)/((-2)/(-4)). Let h(k) = -k**3 - 6*k**2 - 6*k - 5. What is h(x)?
0
Let l(u) = 5*u**2 + 10*u + 6. Let m(n) = -11 - 15*n - 10*n + 4*n - 9*n**2 + 2*n. Let s(v) = -7*l(v) - 4*m(v). Let q = 8 + -13. Calculate s(q).
-3
Let o(f) = f**2 - 1. Let x(v) = 4*v**2 - 8*v + 2. Let r(b) = -3*o(b) + x(b). Calculate r(8).
5
Let g(x) be the first derivative of 2*x**3/3 - 2*x**2 + 3*x - 7. Give g(2).
3
Let p be (0 + 1*-2)/(-1). Suppose -j - 8 = -2*k + 3, -k - j - p = 0. Let c(r) = r - k*r + r. Determine c(4).
-4
Let s(o) be the second derivative of o**4/24 - o**3 - o**2/2 - o. Let n(g) be the first derivative of s(g). Suppose -16*b - 8 = -72. Determine n(b).
-2
Let t be 20/6 - 14/(-21). Let c = -2 + t. Let x(m) = -4*m**2 + 4*m + 2. Let f(q) = 3*q**2 - 3*q - 3. Let i(z) = c*x(z) + 3*f(z). Determine i(0).
-5
Let a(r) be the third derivative of -r**8/6720 - r**7/840 - r**6/240 - r**5/60 - r**4/24 - 3*r**2. Let z(w) be the second derivative of a(w). What is z(-3)?
7
Let m(f) = -f**2 - 4*f + 3. Let l be 0*(-1 + 1 - -1). Let g = l - 2. Let k be g/(15/6 + -2). Determine m(k).
3
Let l(t) be the first derivative of -t**3/3 - 5. Calculate l(0).
0
Suppose 5*p + 12 = -8. Let y = -3 - p. Let b(m) be the first derivative of -5*m**4/2 + m + 12. Calculate b(y).
-9
Let q(y) = -14*y**3 - 11*y**2 + 8*y - 14. Let l(f) = -9*f**3 - 7*f**2 + 5*f - 9. Let m(p) = -8*l(p) + 5*q(p). Give m(-2).
-10
Let m(i) = i**3 - 2*i**2 - 2*i - 4. Let g = -2 - -2. Suppose n + 0*n - 3 = g. Give m(n).
-1
Let f(m) = -6*m - 7 + 1 + 4*m + 2. Let q be f(-4). Let c(h) = h**3 - 4*h**2 + 2*h - 2. Give c(q).
6
Suppose 5*l = -0 + 15. Let f(r) = 3*r - 5*r + 0*r + 3*r. Let x(z) = -z - 1. Let k(i) = l*x(i) + 4*f(i). Determine k(4).
1
Suppose 0 = 3*p - 4*a - 13, -5*a + 12 = 2*p - 6*a. Let y(j) = -j**3 + 7*j**2 + 2*j - 7. Give y(p).
7
Let k be 0/(-1)*1/2. Suppose 10 + k = 5*x. Let t(u) = -u + 1. Let j be t(x). Let s(b) = 3*b**3 + b**2 - b - 1. Give s(j).
-2
Let l(f) be the first derivative of 5*f**2/2 + f - 20. Calculate l(2).
11
Let o(y) = y**2 - 4*y - 7. Suppose -5*h + 1 + 4 = 0. Suppose -4*p = 16, 2*v = -2*p + 3 - h. Determine o(v).
-2
Let m(o) be the third derivative of -o**4/8 - o**3 + 2*o**2. Suppose 3*h - 5 = -17. Calculate m(h).
6
Let d(m) be the third derivative of -m**4/24 - m**3/3 - 5*m**2. Let g(s) = 2*s - 3. Let v be g(4). Let l = -10 + v. Calculate d(l).
3
Let a(c) = c**3 - 5*c**2 + 4*c. Let i = -46 + 50. Give a(i).
0
Let h be (-4 - -8) + 2/(-1). Let a(z) = -2*z**2 + z - 2. Determine a(h).
-8
Let j = 14 - 25. Let x = 10 + j. Let c(v) = -v**2. What is c(x)?
-1
Let u(z) = 2*z**2 - 3*z + 3. Suppose 2 = 4*l - 10. Let f = l + -1. Give u(f).
5
Let y(q) = q**2 - 5*q - 3. Let d be y(8). Suppose 6 = 5*a + d, -5*m = -a - 8. Let g(x) = 10*x**2 + 1. Give g(m).
11
Let k(h) = h**2 + 5*h - 3. Suppose 0*c + 3*y = c - 12, 0 = -5*c + 5*y + 30. Suppose -c*d = -8*d - 30. What is k(d)?
3
Let d = 14 + -8. Let l(x) = x + 1. Let p(w) = 5*w + 16. Let i(t) = 6*l(t) - p(t). What is i(d)?
-4
Let z(x) = -3*x - 3*x + 9 + 3*x - 3. Determine z(6).
-12
Suppose 6*y = y. Suppose 4*h + 23 = -c, 3*h + y*c - 4*c + 3 = 0. Let r(z) = z**2 + 7*z + 4. Calculate r(h).
-6
Let o(j) = j + 1. Let h(q) = -6*q - 4. Let n(k) = -3*h(k) - 15*o(k). What is n(5)?
12
Let m(l) = 3*l + 8. Let x = 53 + -59. Determine m(x).
-10
Let g = -3 - -1. Let c(s) be the second derivative of -s + 1/2*s**2 - 1/12*s**4 - 1/6*s**3 + 0. What is c(g)?
-1
Let f(l) = -7*l + 1. Let u(d) = -d**2 - 5*d - 7. Let a be u(-3). Determine f(a).
8
Let q(k) = -k - 65*k**3 + 2*k**2 + 2 + 57*k**3 - 2. Determine q(1).
-7
Let y be 34/8 - (-2)/(-8). Let o(s) be the second derivative of s**4/12 - s**3/2 + s**2/2 + s. Give o(y).
5
Let h(o) = o**3 - 4*o**2 - 5*o + 6. Suppose 4*t + 3